hundreds digit of 54615?
6
What is the tens digit of 82255?
5
What is the tens digit of 36522?
2
What is the tens digit of 537?
3
What is the hundreds digit of 694?
6
What is the tens digit of 25287?
8
What is the hundreds digit of 3220?
2
What is the hundreds digit of 1124?
1
What is the tens digit of 3512?
1
What is the hundreds digit of 2204?
2
What is the hundreds digit of 63742?
7
What is the units digit of 672?
2
What is the units digit of 91?
1
What is the units digit of 23092?
2
What is the tens digit of 60673?
7
What is the hundreds digit of 56248?
2
What is the tens digit of 899?
9
What is the thousands digit of 61253?
1
What is the ten thousands digit of 23995?
2
What is the units digit of 1097?
7
What is the tens digit of 2485?
8
What is the hundreds digit of 139?
1
What is the hundreds digit of 5421?
4
What is the tens digit of 609?
0
What is the tens digit of 3115?
1
What is the ten thousands digit of 12350?
1
What is the thousands digit of 1524?
1
What is the tens digit of 4264?
6
What is the thousands digit of 22356?
2
What is the hundreds digit of 2072?
0
What is the tens digit of 1008?
0
What is the units digit of 4153?
3
What is the units digit of 2113?
3
What is the tens digit of 10266?
6
What is the ten thousands digit of 119204?
1
What is the thousands digit of 2683?
2
What is the hundreds digit of 401?
4
What is the units digit of 285?
5
What is the tens digit of 9326?
2
What is the tens digit of 64249?
4
What is the thousands digit of 10589?
0
What is the tens digit of 726?
2
What is the units digit of 364?
4
What is the thousands digit of 108606?
8
What is the hundreds digit of 90185?
1
What is the ten thousands digit of 16049?
1
What is the thousands digit of 2042?
2
What is the units digit of 724?
4
What is the units digit of 737?
7
What is the units digit of 9631?
1
What is the units digit of 10053?
3
What is the hundreds digit of 48312?
3
What is the tens digit of 1092?
9
What is the hundreds digit of 3366?
3
What is the tens digit of 10362?
6
What is the tens digit of 68728?
2
What is the thousands digit of 2233?
2
What is the hundreds digit of 8323?
3
What is the units digit of 427?
7
What is the hundreds digit of 534?
5
What is the thousands digit of 5905?
5
What is the units digit of 9649?
9
What is the tens digit of 4984?
8
What is the units digit of 35133?
3
What is the thousands digit of 7186?
7
What is the thousands digit of 8870?
8
What is the units digit of 1028?
8
What is the tens digit of 213?
1
What is the tens digit of 4847?
4
What is the units digit of 22287?
7
What is the tens digit of 29371?
7
What is the hundreds digit of 2467?
4
What is the units digit of 34251?
1
What is the tens digit of 20414?
1
What is the tens digit of 26668?
6
What is the thousands digit of 1226?
1
What is the units digit of 1515?
5
What is the hundreds digit of 8825?
8
What is the tens digit of 1483?
8
What is the thousands digit of 35898?
5
What is the tens digit of 966?
6
What is the units digit of 18846?
6
What is the tens digit of 199?
9
What is the tens digit of 8793?
9
What is the thousands digit of 3773?
3
What is the hundreds digit of 1962?
9
What is the units digit of 833?
3
What is the hundreds digit of 2139?
1
What is the units digit of 9194?
4
What is the tens digit of 4770?
7
What is the hundreds digit of 3882?
8
What is the tens digit of 38112?
1
What is the thousands digit of 50480?
0
What is the units digit of 7542?
2
What is the tens digit of 1187?
8
What is the units digit of 21651?
1
What is the tens digit of 5188?
8
What is the hundreds digit of 1617?
6
What is the tens digit of 3181?
8
What is the units digit of 7025?
5
What is the thousands digit of 6492?
6
What is the hundreds digit of 3602?
6
What is the thousands digit of 4316?
4
What is the hundreds digit of 3436?
4
What is the units digit of 4412?
2
What is the thousands digit of 13550?
3
What is the hundreds digit of 5678?
6
What is the tens digit of 15694?
9
What is the hundreds digit of 5501?
5
What is the hundreds digit of 706?
7
What is the hundreds digit of 13821?
8
What is the tens digit of 8072?
7
What is the tens digit of 58593?
9
What is the thousands digit of 78909?
8
What is the ten thousands digit of 24307?
2
What is the thousands digit of 33151?
3
What is the thousands digit of 21675?
1
What is the tens digit of 3831?
3
What is the thousands digit of 35888?
5
What is the ten thousands digit of 10899?
1
What is the ten thousands digit of 35991?
3
What is the tens digit of 76146?
4
What is the tens digit of 821?
2
What is the tens digit of 71231?
3
What is the units digit of 1018?
8
What is the thousands digit of 2418?
2
What is the tens digit of 4967?
6
What is the thousands digit of 38764?
8
What is the units digit of 33284?
4
What is the thousands digit of 3767?
3
What is the units digit of 341?
1
What is the units digit of 1803?
3
What is the units digit of 1598?
8
What is the hundreds digit of 24649?
6
What is the tens digit of 4472?
7
What is the units digit of 658?
8
What is the hundreds digit of 697?
6
What is the hundreds digit of 2702?
7
What is the tens digit of 3764?
6
What is the tens digit of 4200?
0
What is the thousands digit of 6780?
6
What is the units digit of 62?
2
What is the units digit of 673?
3
What is the hundreds digit of 27342?
3
What is the thousands digit of 105200?
5
What is the thousands digit of 100641?
0
What is the thousands digit of 6945?
6
What is the tens digit of 65505?
0
What is the ten thousands digit of 29807?
2
What is the thousands digit of 6351?
6
What is the hundreds digit of 15657?
6
What is the hundreds digit of 5743?
7
What is the hundreds digit of 876?
8
What is the ten thousands digit of 20104?
2
What is the units digit of 587?
7
What is the units digit of 7170?
0
What is the units digit of 1142?
2
What is the tens digit of 5105?
0
What is the hundreds digit of 2141?
1
What is the tens digit of 5954?
5
What is the thousands digit of 1473?
1
What is the ten thousands digit of 78624?
7
What is the ten thousands digit of 11404?
1
What is the thousands digit of 1114?
1
What is the tens digit of 408?
0
What is the tens digit of 3744?
4
What is the hundreds digit of 2604?
6
What is the hundreds digit of 3500?
5
What is the tens digit of 11484?
8
What is the units digit of 30167?
7
What is the thousands digit of 5048?
5
What is the hundreds digit of 57516?
5
What is the thousands digit of 38908?
8
What is the tens digit of 3962?
6
What is the hundreds digit of 336?
3
What is the units digit of 19388?
8
What is the ten thousands digit of 75927?
7
What is the hundreds digit of 28563?
5
What is the ten thousands digit of 15279?
1
What is the units digit of 568?
8
What is the units digit of 366?
6
What is the units digit of 14876?
6
What is the tens digit of 1823?
2
What is the hundreds digit of 8321?
3
What is the thousands digit of 65141?
5
What is the thousands digit of 50004?
0
What is the tens digit of 2775?
7
What is the units digit of 543?
3
What is the tens digit of 5214?
1
What is the hundreds digit of 1555?
5
What is the thousands digit of 22230?
2
What is the ten thousands digit of 44156?
4
What is the hundreds digit of 350?
3
What is the thousands digit of 56220?
6
What is the ten thousands digit of 38253?
3
What is the tens digit of 10?
1
What is the tens digit of 5218?
1
What is the hundreds digit of 922?
9
What is the tens digit of 23511?
1
What is the hundreds digit of 9807?
8
What is the ten thousands digit of 28014?
2
What is the units digit of 4324?
4
What is the tens digit of 17920?
2
What is the units digit of 251?
1
What is the units digit of 34876?
6
What is the units digit of 1213?
3
What is the thousands digit of 65963?
5
What is the units digit of 5159?
9
What is the units digit of 940?
0
What is the tens digit of 362?
6
What is the units digit of 1353?
3
What is the hundreds digit of 9905?
9
What is the hundreds digit of 33599?
5
What is the ten thousands digit of 28039?
2
What is the units digit of 65380?
0
What is the units digit of 5769?
9
What is the tens digit of 1025?
2
What is the ten thousands digit of 17811?
1
What is the tens digit of 79?
7
What is the units digit of 174?
4
What is the tens digit of 4532?
3
What is the hundreds digit of 294?
2
What is the